{"id":3221,"date":"2024-02-23T15:11:14","date_gmt":"2024-02-23T14:11:14","guid":{"rendered":"https:\/\/www.ptc.cz\/co-liecime\/zazivaci-trakt\/proc-zvolit-protonovou-lecbu\/ozarovani-v-rizenem-nadechu\/"},"modified":"2024-06-11T10:27:19","modified_gmt":"2024-06-11T08:27:19","slug":"ozarovanie-v-riadenom-nadychu","status":"publish","type":"page","link":"https:\/\/www.ptc.cz\/sk\/co-liecime\/traviaci-trakt\/preco-zvolit-protonovu-liecbu\/ozarovanie-v-riadenom-nadychu\/","title":{"rendered":"O\u017earovanie v&nbsp;riadenom n\u00e1dychu"},"content":{"rendered":"<div class=\"gdc_row\">\n<div class=\"gdc_column gdc_chalf\">\n<div class=\"gdc_inner\">\n<p>Preto\u017ee d\u00fdchacie pohyby m\u00f4\u017eu naru\u0161i\u0165 spr\u00e1vnos\u0165 a&nbsp;presnos\u0165 prevedenia prot\u00f3nov\u00e9ho o\u017eiarenia, pre r\u00e1dioterapiu mal\u00edgnych lymf\u00f3mov v&nbsp;oblasti mediast\u00edna vyu\u017e\u00edvame aj met\u00f3du riaden\u00e9ho n\u00e1dychu. Na&nbsp;to sl\u00fa\u017ei pr\u00edstroj Dyn&#8217;R. Met\u00f3da o\u017earovania s&nbsp;riaden\u00fdm d\u00fdchan\u00edm je zvolen\u00e1 preto, \u017ee je d\u00f4le\u017eit\u00e9, aby o\u017earovan\u00e1 \u010das\u0165 tela (objem) bola o\u017eiaren\u00e1 ka\u017ed\u00fd de\u0148 rovnako.<\/p>\n<p>Ke\u010f\u017ee sa v\u0161ak tento o\u017earovan\u00fd objem pohybuje v&nbsp;z\u00e1vislosti od d\u00fdchania, mus\u00edme zaisti\u0165, aby va\u0161e telo bolo v\u017edy v&nbsp;rovnakej poz\u00edcii. To sa najlep\u0161ie vykon\u00e1 pr\u00e1ve zadr\u017ean\u00edm dychu v&nbsp;ur\u010ditej hladine. Pre stanovenie tejto hladiny preto najsk\u00f4r podst\u00fapite tzv. n\u00e1cvik riaden\u00e9ho d\u00fdchania (n\u00e1cvik Dyn&#8217;Ru). N\u00e1cvik riaden\u00e9ho d\u00fdchania prebieha v&nbsp;\u013eahu na&nbsp;chrbte pri pripojen\u00ed na&nbsp;spirometer pomocou antibakteri\u00e1lneho filtra a&nbsp;n\u00e1ustku. Nos je scvaknut\u00fd kol\u00ed\u010dkom, aby v\u0161etok vydychovan\u00fd vzduch pr\u00fadil \u00fastami.<\/p>\n<p>Na&nbsp;o\u010di v\u00e1m nasad\u00edme \u0161peci\u00e1lne okuliare, kde budete sledova\u0165 pokyny na&nbsp;d\u00fdchanie. N\u00e1\u0161 sk\u00fasen\u00fd zamestnanec v\u00e1s cel\u00fdm procesom n\u00e1cviku trpezlivo prevedie a&nbsp;v\u0161etko si budete ma\u0165 mo\u017enos\u0165 dostato\u010dne vysk\u00fa\u0161a\u0165. Nemus\u00edte ma\u0165 z&nbsp;ni\u010doho obavy.<\/p>\n<\/div>\n<\/div>\n<div class=\"gdc_column gdc_chalf\">\n<div class=\"gdc_inner\">\n<p><img decoding=\"async\" class=\"is-loaded\" src=\"https:\/\/www.ptc.cz\/uploads\/thumbs\/prsy-zarizeni-1200x1200.png\" alt=\"N\u00e1cvik \u0159\u00edzen\u00e9ho d\u00fdch\u00e1n\u00ed\" width=\"600\" data-src=\"\/uploads\/thumbs\/prsy-zarizeni-1200x1200.png\" \/><\/p>\n<\/div>\n<\/div>\n<\/div>\n","protected":false},"excerpt":{"rendered":"","protected":false},"author":5,"featured_media":0,"parent":3220,"menu_order":237,"comment_status":"closed","ping_status":"closed","template":"template-service-detail-with-sidebar.php","meta":{"footnotes":""},"class_list":["post-3221","page","type-page","status-publish","hentry"],"acf":[],"aioseo_notices":[],"_links":{"self":[{"href":"https:\/\/www.ptc.cz\/sk\/wp-json\/wp\/v2\/pages\/3221","targetHints":{"allow":["GET"]}}],"collection":[{"href":"https:\/\/www.ptc.cz\/sk\/wp-json\/wp\/v2\/pages"}],"about":[{"href":"https:\/\/www.ptc.cz\/sk\/wp-json\/wp\/v2\/types\/page"}],"author":[{"embeddable":true,"href":"https:\/\/www.ptc.cz\/sk\/wp-json\/wp\/v2\/users\/5"}],"replies":[{"embeddable":true,"href":"https:\/\/www.ptc.cz\/sk\/wp-json\/wp\/v2\/comments?post=3221"}],"version-history":[{"count":2,"href":"https:\/\/www.ptc.cz\/sk\/wp-json\/wp\/v2\/pages\/3221\/revisions"}],"predecessor-version":[{"id":3415,"href":"https:\/\/www.ptc.cz\/sk\/wp-json\/wp\/v2\/pages\/3221\/revisions\/3415"}],"up":[{"embeddable":true,"href":"https:\/\/www.ptc.cz\/sk\/wp-json\/wp\/v2\/pages\/3220"}],"wp:attachment":[{"href":"https:\/\/www.ptc.cz\/sk\/wp-json\/wp\/v2\/media?parent=3221"}],"curies":[{"name":"wp","href":"https:\/\/api.w.org\/{rel}","templated":true}]}}

Ožarovanie v&nbsp;riadenom nádychu

<div class="gdc_row">
<div class="gdc_column gdc_chalf">
<div class="gdc_inner">
<p>Pretože dýchacie pohyby môžu narušiť správnosť a&nbsp;presnosť prevedenia protónového ožiarenia, pre rádioterapiu malígnych lymfómov v&nbsp;oblasti mediastína využívame aj metódu riadeného nádychu. Na&nbsp;to slúži prístroj Dyn&#8217;R. Metóda ožarovania s&nbsp;riadeným dýchaním je zvolená preto, že je dôležité, aby ožarovaná časť tela (objem) bola ožiarená každý deň rovnako.</p>
<p>Keďže sa však tento ožarovaný objem pohybuje v&nbsp;závislosti od dýchania, musíme zaistiť, aby vaše telo bolo vždy v&nbsp;rovnakej pozícii. To sa najlepšie vykoná práve zadržaním dychu v&nbsp;určitej hladine. Pre stanovenie tejto hladiny preto najskôr podstúpite tzv. nácvik riadeného dýchania (nácvik Dyn&#8217;Ru). Nácvik riadeného dýchania prebieha v&nbsp;ľahu na&nbsp;chrbte pri pripojení na&nbsp;spirometer pomocou antibakteriálneho filtra a&nbsp;náustku. Nos je scvaknutý kolíčkom, aby všetok vydychovaný vzduch prúdil ústami.</p>
<p>Na&nbsp;oči vám nasadíme špeciálne okuliare, kde budete sledovať pokyny na&nbsp;dýchanie. Náš skúsený zamestnanec vás celým procesom nácviku trpezlivo prevedie a&nbsp;všetko si budete mať možnosť dostatočne vyskúšať. Nemusíte mať z&nbsp;ničoho obavy.</p>
</div>
</div>
<div class="gdc_column gdc_chalf">
<div class="gdc_inner">
<p><img decoding="async" class="is-loaded" src="https://www.ptc.cz/uploads/thumbs/prsy-zarizeni-1200x1200.png" alt="Nácvik řízeného dýchání" width="600" data-src="/uploads/thumbs/prsy-zarizeni-1200x1200.png" /></p>
</div>
</div>
</div>
